n base 11?
1779
What is -2220 (base 13) in base 15?
-1623
-21376 (base 10) to base 13
-9964
Convert 1112212 (base 3) to base 6.
5122
What is 20204 (base 5) in base 11?
a86
Convert -42175 (base 11) to base 3.
-10010021011
What is -221201110 (base 3) in base 5?
-1100000
-1831 (base 10) to base 6
-12251
What is 7815 (base 12) in base 5?
411030
-170 (base 14) to base 2
-100100110
Convert 330002 (base 5) to base 13.
5177
What is -796 (base 16) in base 11?
-1506
What is -11101001101 (base 2) in base 5?
-24434
2199 (base 10) to base 13
1002
Convert -42aa (base 12) to base 4.
-1302202
What is -1011121 (base 4) in base 5?
-120231
What is b57 (base 13) in base 7?
5426
What is -102042 (base 5) in base 8?
-6505
-12110 (base 5) to base 11
-753
-480 (base 11) to base 14
-2cc
What is -71 (base 14) in base 9?
-120
Convert 35566 (base 8) to base 12.
8986
What is 101001101 (base 2) in base 6?
1313
Convert 1a194 (base 13) to base 9.
76637
-8134 (base 9) to base 5
-142234
-21523 (base 7) to base 15
-1907
Convert 1523 (base 8) to base 12.
5ab
What is -4143 (base 5) in base 6?
-2312
What is 153220 (base 6) in base 10?
14988
What is -967 (base 13) in base 5?
-22411
-725 (base 8) to base 5
-3334
145531 (base 6) to base 10
14239
7cb (base 14) to base 11
1190
Convert -100110100110 (base 2) to base 10.
-2470
Convert 49a (base 12) to base 7.
2011
142 (base 8) to base 10
98
-3435 (base 9) to base 11
-1a02
40 (base 13) to base 14
3a
What is -525 (base 6) in base 10?
-197
-70 (base 14) to base 3
-10122
Convert -443140 (base 6) to base 9.
-55666
65654 (base 7) to base 13
7649
Convert 3301120 (base 4) to base 9.
23164
What is 382a (base 15) in base 2?
10111010111101
Convert 4640 (base 11) to base 8.
13716
Convert 102112 (base 4) to base 10.
1174
Convert 4111 (base 11) to base 10.
5457
Convert -65f4 (base 16) to base 12.
-13130
43 (base 11) to base 8
57
What is -30c (base 13) in base 2?
-1000000111
-b84 (base 13) to base 12
-117b
Convert -b9 (base 12) to base 13.
-ab
What is 530525 (base 6) in base 14?
1192d
-2786 (base 12) to base 7
-16212
What is cc7 (base 16) in base 10?
3271
-112222112 (base 3) to base 12
-63a2
Convert -2110202221 (base 3) to base 12.
-24207
What is 11221 (base 4) in base 2?
101101001
-200 (base 8) to base 9
-152
Convert -2413124 (base 5) to base 7.
-244403
What is 313 (base 12) in base 5?
3242
What is 1100000011110 (base 2) in base 4?
1200132
Convert 105553 (base 8) to base 9.
53856
What is 3000 (base 6) in base 3?
220000
What is -20b (base 14) in base 3?
-112221
Convert 3a5 (base 16) to base 14.
4a9
-32002 (base 5) to base 10
-2127
Convert -ba (base 15) to base 10.
-175
What is 122403 (base 6) in base 14?
3dbd
16b6 (base 16) to base 5
141224
Convert -1354415 (base 6) to base 3.
-10221021202
What is 2222012 (base 3) in base 15?
995
Convert -111010002 (base 3) to base 13.
-4475
1078 (base 16) to base 2
1000001111000
What is -64237 (base 9) in base 13?
-16447
49b7 (base 14) to base 5
403101
Convert 3950 (base 12) to base 8.
14614
What is a649 (base 11) in base 8?
33411
What is 104050 (base 7) in base 14?
68d0
2536a (base 11) to base 5
2131001
Convert -2012220 (base 4) to base 8.
-20650
Convert 2a1 (base 12) to base 7.
1123
-20002 (base 3) to base 13
-c8
-edd (base 15) to base 9
-4541
21012 (base 3) to base 6
522
16263 (base 9) to base 6
123350
Convert 1045244 (base 6) to base 16.
cf1c
3205 (base 8) to base 9
2254
Convert -621 (base 8) to base 9.
-485
What is 101222121 (base 3) in base 8?
17510
What is 5352 (base 6) in base 8?
2304
What is b30b (base 12) in base 11?
13683
Convert 231 (base 10) to base 3.
22120
What is 224231 (base 5) in base 13?
3896
What is -1635 (base 7) in base 10?
-663
-2266 (base 16) to base 2
-10001001100110
Convert 251312 (base 7) to base 13.
17cb7
What is 2956 (base 10) in base 13?
1465
What is -143415 (base 6) in base 5?
-420023
What is 1154 (base 12) in base 15?
891
111010000 (base 2) to base 6
2052
What is -fa (base 16) in base 9?
-307
What is 13a0 (base 11) in base 2?
11100001100
Convert -482a (base 13) to base 2.
-10011111000000
11330 (base 6) to base 8
3146
-322 (base 13) to base 2
-1000010111
-125141 (base 6) to base 13
-5314
What is -b908 (base 12) in base 16?
-4f58
What is -1000000100 (base 2) in base 9?
-633
5273 (base 8) to base 9
3682
What is 425022 (base 6) in base 4?
20133212
118f (base 16) to base 3
20011111
What is -4103 (base 9) in base 11?
-2288
1060 (base 12) to base 4
130020
Convert 110121020 (base 3) to base 6.
110310
Convert 3777 (base 16) to base 10.
14199
18329 (base 11) to base 7
134610
Convert 3202020 (base 5) to base 3.
2201020020
Convert 11165 (base 13) to base 2.
111100100100010
What is -4402 (base 5) in base 11?
-4a8
Convert -4505 (base 8) to base 12.
-1459
What is -3101 (base 7) in base 11?
-8a1
-5013 (base 9) to base 8
-7111
Convert -144 (base 7) to base 12.
-69
What is -222201 (base 3) in base 5?
-10341
Convert -64067 (base 10) to base 2.
-1111101001000011
Convert 23081 (base 12) to base 11.
32143
173 (base 15) to base 13
1c8
What is 111002 (base 4) in base 6?
10122
Convert 27a (base 12) to base 3.
112011
What is -122 (base 8) in base 12?
-6a
Convert -16660 (base 7) to base 16.
-12bb
What is -42220 (base 5) in base 3?
-10212002
Convert -36064 (base 7) to base 16.
-245b
1053 (base 8) to base 2
1000101011
Convert 222 (base 12) to base 2.
100111010
77a (base 12) to base 2
10001001110
Convert 169 (base 15) to base 6.
1300
What is -37a (base 11) in base 8?
-702
What is 224 (base 10) in base 12?
168
Convert -11c (base 16) to base 9.
-345
1606 (base 7) to base 9
784
Convert -3762 (base 12) to base 15.
-1ccb
355 (base 14) to base 16
297
14210 (base 6) to base 10
2238
Convert -cb (base 13) to base 11.
-142
Convert -1744 (base 15) to base 7.
-20422
What is 43867 (base 10) in base 6?
535031
-2ba2 (base 12) to base 7
-21023
What is 49820 (base 10) in base 15?
eb65
14010 (base 5) to base 11
938
What is 2416 (base 7) in base 11?
744
-25468 (base 9) to base 14
-6373
-433 (base 10) to base 14
-22d
What is 22201 (base 4) in base 16?
2a1
Convert -431 (base 14) to base 16.
-33b
274 (base 12) to base 8
570
Convert 2466 (base 10) to base 8.
4642
What is -10001001100000 (base 2) in base 10?
-8800
Convert -1100001100 (base 2) to base 3.
-1001220
What is 20431 (base 9) in base 15?
3ed4
What is -29bd (base 16) in base 3?
-112122202
What is -2178 (base 15) in base 4?
-1232300
-10010111011000 (base 2) to base 11
-7308
Convert -51706 (base 8) to base 9.
-32368
What is 35ca (base 16) in base 5?
420040
-285 (base 16) to base 5
-10040
Convert -120304 (base 5) to base 12.
-26b2
What is -5004 (base 6) in base 5?
-13314
-10111101110 (base 2) to base 4
-113232
What is 11010212 (base 3) in base 6?
21552
What is 866 (base 12) in base 15?
570
214530 (base 7) to base 4
21030111
22065 (base 7) to base 2
1010110011111
-14022 (base 5) to base 10
-1137
What is -106d (base 16) in base 15?
-13a5
Convert -100022 (base 3) to base 13.
-164
Convert 251 (base 12) to base 8.
535
8070 (base 13) to base 16
4503
Convert -24355 (base 8) to base 2.
-10100011101101
-23104 (base 8) to base 16
-2644
Convert -7c1f (base 16) to base 4.
-13300133
-267 (base 15) to base 12
-397
-1612 (base 10) to base 6
-11244
-1100202 (base 3) to base 11
-822
Convert -101110100 (base 2) to base 10.
-372
Convert 1861 (base 14) to base 12.
2665
What is -8b0 (base 14) in base 11?
-1326
Convert 178f (base 16) to base 8.
13617
What is -11010000001001 (base 2) in base 3?
-200021101
What is -1100000000 (base 2) in base 16?
-300
200010 (base 3) to base 15
229
Convert 4824 (base 9) to base 16.
e02
-1110100 (base 3) to base 11
-886
What is 5345 (base 6) in base 5?
14332
5004 (base 6) to base 10
1084
What is 1102221 (base 4) in base 2?
1010010101001
Convert -15132 (base 8) to base 2.
-1101001011010
222a (base 12) to base 15
11bd
-1312 (base 5) to base 12
-153
14e (base 16) to base 9
411
1041432 (base 5) to base 11
12888
-763 (base 8) to base 14
-279
7046 (base 11) to base 12
5507
110011000 (base 2) to base 14
212
-3454 (base 10) to base 14
-138a
What is 12020002 (base 3) in base 6?
25345
906 (base 12) to base 2
10100010110
-588 (base 10) to base 11
-495
Convert 22222 (base 4) to base 5.
10212
Convert -407 (base 11) to base 3.
-200012
What is 59279 (base 10) in base 4?
32132033
Convert